187 - -192) + (0 - 0) + -4 + -1
0
Evaluate 4 + 3 + 0 + (-2 - 15).
-10
Evaluate -8 + (-5 - (-6 + 3)).
-10
What is the value of 5 - (-1 + -5 - (-14 + 14 + -2))?
9
What is (9 - -1) + 22 + -12 + -34?
-14
Calculate -2 - -8 - (-63 - -79).
-10
Calculate -12 + -1 + 2 + (14 + 14 - 26).
-9
What is the value of 3 + (9 - 30) + 11 + 29 + -4?
18
What is the value of -25 - -44 - 19 - (7 + -1)?
-6
Evaluate (8 - 1) + (0 + -14 + -7 - -13).
-1
What is 8 + -1 - (-198 - -226) - -4?
-17
Calculate 13 + 0 - (-1 + -8 - -3).
19
Calculate (10 - (0 + 0 - -4)) + (-2 - -7).
11
What is the value of (5 - 11) + (0 - -7) + (-32 - -28)?
-3
Calculate -8 - ((-6 + 11 - 50) + -3 + 0).
40
Calculate (17 - (-10 + 14 - 4)) + -3.
14
8 + 3 + ((-7 - -14) + -6 - 5)
7
Calculate 0 - -6 - -3 - (3 - 24 - -33).
-3
-10 + 7 - (4 + (-23 - -3 - -2))
11
(-17 - (8 - (6 - (-9 + 5)))) + 8
-7
What is the value of 4 + (-9 - 4 - -18)?
9
What is -5 + -9 - (-1 + -9) - 8?
-12
Calculate -2 + (2 - (-9 - -12)).
-3
Calculate 23 + -26 - (-9 - 10).
16
What is 14 - (7 - (16 - 30))?
-7
Evaluate 31 + 15 + -31 + -10.
5
Calculate -4 + 4 - -6 - (38 - 25).
-7
Evaluate -20 + -53 + 23 + 4 + (11 - -1).
-34
Calculate 21 - (27 - (15 - 1)).
8
What is the value of 0 + (-9 + (-2 - -5) - -15)?
9
Evaluate (0 - -20) + (382 - 414).
-12
(-8 - -4) + (2 - 8)
-10
What is -12 + 24 - (14 - -1)?
-3
What is the value of -2 + -2 + 10 - (-11 + 5 + 1)?
11
8 + -19 + 1 - 5
-15
Evaluate (-11 - -3 - 4) + (0 - -1) + -4.
-15
What is 53 - (12 + -21 + 56)?
6
Calculate -56 - (12 - 68 - -35).
-35
-3 + -11 + 1 + 39 + -39
-13
What is -18 - -9 - 7 - -13?
-3
Evaluate 4 + -15 + -10 + 21.
0
Calculate (4 - -7) + -2 + 14 + -17.
6
Calculate (8 + 1 - 9) + (-15 - -1).
-14
0 + (14 - 7) - 19
-12
5 - (16 + -7 - -5) - (-7 - -2)
-4
What is -33 - ((34 - 0) + -37)?
-30
-13 - (0 - (6 + (-6 - 2) + 9))
-6
What is 4 - 1 - (-31 + 39 + -4)?
-1
Evaluate -4 + 1 + (0 - 2) + -8 + 0.
-13
What is the value of -44 + -1 - (-2650 + 2639)?
-34
What is -26 + 10 + (-41 - -31)?
-26
What is 21 + -17 + 14 + 2 + -2?
18
Evaluate -1 + 32 - (78 + -44).
-3
Calculate 2 + -7 + -8 + -4 + (1 - -7).
-9
Evaluate 6 + 1 + -17 + 21 - (20 + 17).
-26
Evaluate (6 - ((6 - 12) + 12) - 0) + -10.
-10
What is the value of -40 - (-24 + 14 + 15 + -18)?
-27
Evaluate -5 + -6 + 10 + -16.
-17
Evaluate (10 - 13) + (-11 + 7 - 6) + -4.
-17
0 + -6 - (12 + (-33 - -17))
-2
What is the value of 49 + -68 + 6 + (2 + 0 - 3)?
-14
Calculate (15 + 6 - 13) + 19.
27
(14 - 1) + 41 + -74 + 13
-7
Evaluate -1 + 39 + -10 - 32.
-4
What is the value of 12 - ((-2 - (-3 + -8)) + 19)?
-16
What is the value of 9 + 11 + -2 + 0 + -30?
-12
What is the value of (-2 - (4 + 1 + (3 - 8))) + -2?
-4
Calculate -30 + (-14 - (-17 + -12)) + 13.
-2
What is the value of -9 + (1 + 1 - -5)?
-2
What is 28 + (10 - (46 - 13)) + 19?
24
What is (0 + -14 - -87) + -40?
33
Calculate 7 + (-8 + 3 + 5 - 2 - -3).
8
What is -2 - (3 + -2) - 2 - (-35 + 29)?
1
Calculate 15 + -2 + (22 + -30 - -9).
14
Calculate (-13 - -3) + (0 - 8 - (-17 - -12)).
-13
What is (24 - 16 - -30) + -65?
-27
What is -10 - (3 - (7 + (-16 - -7) + 0))?
-15
What is 7 + 7 + -1 + -7 + 5 + -5?
6
Calculate -5 - (-15 + 17 + 3).
-10
What is 24 - 42 - (-10 - 0)?
-8
Calculate 10 - (-3 - ((-11 - -9) + 2)).
13
Calculate 13 + 18 + -41 - -36.
26
What is -5 + (-1 - -6) + 10 + -2 + 0?
8
Evaluate (-3 - (7 + -8)) + -6 - -7.
-1
Calculate -1 - (-4 + 15 + -6 - (6 + -1)).
-1
What is the value of 18 + (4 - 13 - 16)?
-7
Evaluate -2 - (-1 + -4) - -1 - (14 - 4).
-6
What is (0 + 1 - (61 + -66)) + -3 + 1?
4
Evaluate (-12 - -25 - -7) + -12.
8
Evaluate 5 - ((6 - 1) + -10 - -8).
2
What is the value of 8 - (42 + -22 - 14)?
2
Calculate (29 - (17 + -6)) + -38.
-20
Evaluate (161 - 187) + (3 - -5 - -2) - 2.
-18
What is -8 + -2 + (4 - (-7 - -17))?
-16
Calculate (-88 - -87) + -7 + 6 + -6.
-8
What is the value of -6 + 15 + -9 + 5 + -5 + 5?
5
What is the value of -6 - -2 - (-9 + -15 + 6)?
14
-326 + 329 - (18 + -1)
-14
35 - (65 - 10) - 5
-25
What is 97 + -87 + (14 - (-4 + 0 + 3))?
25
2 - (-15 - (-5 + -4)) - (-1 + 1)
8
What is 55 - 1 - (203 + -179)?
30
Evaluate -10 - (-30 - (-4 + -9)).
7
Evaluate (2 - 0) + 9 + -32 + 25.
4
What is the value of 8 + -10 - 4 - -10 - 1?
3
What is 70 - 11 - (1 - -28)?
30
Evaluate -1 - 10 - (-14 - (-6 + 1) - 17).
15
What is -7 + 1 - (-14 - -7 - (-15 + 5))?
-9
Calculate 37 + 46 + -62 - 10.
11
1 + 28 + -22 + 11
18
What is the value of -41 + 123 + -111 - (-5 - 0)?
-24
(3 - 0) + (-661 - -655)
-3
Calculate 3 + (2 - 0 - 12).
-7
What is -16 + 35 + 28 + -25?
22
(9 - 30) + -38 + 44
-15
Calculate (1 - 1) + (195 - 186) + 5.
14
What is the value of -9 + -9 + -32 + 34?
-16
Evaluate -14 + (-2 - -9) + 0.
-7
What is the value of (-10 - 1) + 52 + -6 + 0?
35
33 + 12 + -36 - (26 + -4 + 7)
-20
-20 + 24 - -15 - 11
8
Calculate 4 - (-4 + 0 + (12 - (-3 + 7))).
0
-7 + 3 + -1 + 5 + -3 + -18
-21
What is 30 + (-8 - (-8 - -21))?
9
What is (-14 + 10 - 21) + 16?
-9
What is the value of 24 + -23 - 10 - -28?
19
What is the value of 3 - (-27 + 35) - -23?
18
0 + -3 + 6 + (-5 - 0)
-2
What is 51 + -27 + 8 + -3 + -1?
28
Evaluate -21 + (0 - -2) + (-91 - -97).
-13
27 + -7 - -3 - (0 + (12 - 6))
17
-15 + (22 - -3 - (-2 + -5))
17
Calculate (-78 - -64) + (-16 - -2).
-28
What is the value of -25 - (8 + -36) - (-1 + 3 + 19)?
-18
Evaluate 22 + 21 + -19 - 21.
3
Calculate (-5 - 1) + -70 + 68 - (-11 - -2).
1
10 - (19 + -4 + 5 + -7)
-3
What is the value of 10 + -16 + 3 - (6 + 1)?
-10
What is the value of 7 - (12 + -7 + -7)?
9
Evaluate 26 + (-16 - 0) + -2 + 0 + -1.
7
What is the value of (1 - (-4 + -12 + 10)) + -9 + 2?
0
What is 2 - 18 - (-28 - (-9 - 13))?
-10
What is the value of (13 - (-7 + 9)) + -9 - 6?
-4
What is -2 + 14 + -10 + 11?
13
Evaluate (-8 - (9 - 20)) + 2 - (39 - 7).
-27
Evaluate 10 - (10 - (27 - 19)).
8
What is 17 + 13 + -3 + -41?
-14
Calculate (-7 - 1) + 226 + -208.
10
Calculate 16 + -4 - (-31 + 37).
6
Calculate -32 + (4 - (-15 - -6)).
-19
What is the value of -41 + 36 - (-19 - -1)?
13
What is the value of (1 + 1 - (45 + -49)) + (-6 - -2)?
2
What is the value of 4 + 5 + (-4 - 0) - (-5 + 1)?
9
What is -26 - (5 - 5) - -34?
8
Evaluate -3 + 1 - (845 - 831).
-16
Evaluate -5 - (22 - 48) - -5.
26
9 + 1 - (4 - (0 + -2)) - -2
6
Evaluate -9 + -13 + 9 + 2.
-11
What is the value of (5 - (-5 - 0 - (-5 - -12))) + -3?
14
Evaluate (-10 - (-22 + 4)) + -12.
-4
What is the value of 7 + 2 + -3 + -25 + 29?
10
Calculate -8 + (89 + -102 - (-45 + -1)).
25
What is 8 - (13 - 22) - 43?
-26
What is -2 - (15 - (16 + (2 - 9)))?
-8
-13 + -1 + (-17 - -16)
-15
2 - -9 - (88 + -83)
6
What is -6 + (-5 - 24) + 64?
29
Evaluate (-1 + -1 - (70 - 81)) + 3.
12
What is -3 + 1 + -1 - (895 - 887)?
-11
What is (0 - 3 - -2 - -4) + (93 - 104)?
-8
Calculate 33 + (16 - (12 - 4)) + (0 - 11).
30
What is the value of 5 - 16 - (12 + -4 - (2 - -20))?
3
Evaluate -117 + 97 - (-19 - -3).
-4
26 + -10 + -13 + -22
-19
-5 - ((19 - 15) + -12)
3
Evaluate 4 + 0 + 0 + 12 + -3 - 1.
12
(8 - (19 - (-2 - -5))) + 9
1
Evaluate 26 + 1 - (12 - -16 - 17).
16
(1 + 3 + (-22 - -19) - 7) + 6
0
Evaluate 17 + (-45 + 25 - -6).
3
Evaluate -9 + (3 - (11 + -4) - 2).
-15
4 + -6 + 15 + -7 + -6
0
(12 - (5 - (16 - 20))) + (-1 - 7)
-5
Evaluate -44 + -6 - -14 - -13 - 5.
-28
Evaluate (4 - (0 + -5)) + 1.
10
Calculate -5 + (1 - (-7 + 7 + -8)) + 1.
5
What is the value of (4 + (-5 - -3) - 23) + (15 - 12)?
-18
(0 - (-4 + -1 - 3)) + 1
9
What is the value of 5 + (0 - -3) + -7 + (-19 - -26)?
8
What is the value of (-1 - -29) + -48 + 50?
30
What is (18 - ((10 - 11) + 11)) + -5 + -3?
0
4 + -2 + (-1 - 2 - (-1 - 2))
2
What is (28 - 30 - 11) + -6?
-19
What is 101 + -34 + -48 - (0 - -48)?
-29
Calculate -41 - -49 - (14 + -4).
-2
What is the value of (-43 - -25) + 16 + 25?
23
Evaluate (-10 - -7 - 14) + -7 + (3 - -3).
-18
Calculate 24 + -22 - (5 + (-5 - -7)).
-5
Evaluate 28 + 11 + 13 + (3 - 20).
35
What is the value of 8 + (318 - 324 - ((-2 - -1) + -5))?
8
What is the value of (0 + 0 - 5) + -40 + 44 + 18?
17
What is the value of (1 - -9) + -35 + (16 - 0)?
-9
Evaluate 1 + -21 + 91 + -76.
-5
Evaluate 5 + -3 + 5 + 1 + -5.
3
Evaluate 2 - (-15 + 13 + 10) - -8.
2
What is the value of (-1 - -1) + (-14 + 26 - 34)?
-22
0 - ((2 - (4 - 4)) + -12)
10
What is (249 - 251) + (0 - 1)?
-3
-24 + 9 - (-11 - (0 - 4))
-8
What is the value of -1 - 4 - -1 - (8 - (-1 + 26))?
13
Wh